+ 7 - t*a + 5*a + f*a. What is n(-5)?
7
Let a(d) be the second derivative of -d**5/20 - d**4/6 + 2*d**3/3 + d**2/2 - 12*d + 6. Determine a(-3).
-2
Suppose -3*y - y = -2*g + 32, -50 = -4*g + y. Let r(x) = -x**3 + 11*x**2 + 12*x - 7. Calculate r(g).
-7
Let m(q) = q**2 + q. Suppose -5*y = 6*r - r - 75, -r - 5 = -3*y. Suppose z = t - 5, 0 = 4*t - 6*t + r. What is m(z)?
0
Let z(x) = 6*x**2 - 12*x + 4. Let w(j) = -5*j**2 + 10*j - 2. Let q(a) = 4*w(a) + 3*z(a). Calculate q(5).
-26
Let s(j) = -j**3 + 4*j**2 - 3*j. Let k be 21 + -15 + 4/(-1). Let z be s(k). Let g(p) = 21*p - p - 2 - 6*p - 7*p - p**z. Give g(6).
4
Suppose j = 313 - 34. Let g be 2/(-10) - j/(-45). Let f(u) = -u + 14. Calculate f(g).
8
Let h(v) = -v**2 + 5*v + 28. Let r be h(9). Let g(q) = 2*q + 9. Determine g(r).
-7
Let q(p) = -p**3 - 3*p**2 - p - 3. Let k(f) = f**3 + 5*f**2 - 11*f - 7. Let y be k(-6). Let l = 20 - y. What is q(l)?
0
Let p(x) be the third derivative of -x**9/60480 - x**8/3360 + x**7/840 - x**6/720 + 23*x**5/60 + 12*x**2. Let y(d) be the third derivative of p(d). Give y(-7).
6
Let v(r) = -12*r**3 + 2*r - 1. Let l be v(1). Let j = 18 + l. Let o(h) = -9*h - 6. Let i(b) = 5*b + 3. Let s(y) = j*i(y) + 4*o(y). Calculate s(4).
-7
Let a(f) = -f**2 + 1. Let k(g) = 5*g**2 + g - 1. Let r(m) = 4*a(m) + k(m). Determine r(3).
15
Suppose 0 = -25*g + 23*g + 10. Let n(u) = -17 - u + 13 - u. What is n(g)?
-14
Let k(z) = 7 - 3 - 3*z**2 - 2. Let o = 483 - 481. Calculate k(o).
-10
Let m(d) = -d**2 + d + 16. Suppose u - 4*g = -0 - 10, u - 5*g = -12. Let j be (-1)/4*(u + -10). Suppose j*r = 2*r. Give m(r).
16
Let o(q) = -q + 1. Let x = 1365 + -1360. Determine o(x).
-4
Suppose 9 = 2*p - 3*d, 0*p = p - d - 5. Let h(c) = -c + c - p*c**2. Let n(q) = -q**3 - 3*q**2 + q + 4. Let m be n(-3). Give h(m).
-6
Let b = 3 - -1. Let g(x) be the third derivative of -x**5/120 + x**4/24 + x**3/6 + 2*x**2. Let i(t) be the first derivative of g(t). Calculate i(b).
-3
Suppose 15 + 0 = -3*s, 0 = -5*b + 3*s - 45. Let d(t) = 3*t + 30. Give d(b).
-6
Let l be 2 + 3 - 8 - -2. Let m(z) = -9*z - 8. Give m(l).
1
Let u(d) be the second derivative of d**3/2 - 3*d**2/2 + d. Let r be u(3). Let c(l) = -5*l**2 - 2 - 9*l + l**3 + 13 - 2. Calculate c(r).
-9
Let m(d) = 3*d + 6. Suppose 10*w - 12 = 6*w. Suppose 0 = 4*c - w*c + 5. Give m(c).
-9
Let w(i) = -i + 2. Let o = 297 - 293. Determine w(o).
-2
Let x(f) = 5*f**3 - 4*f**2 + 7*f + 2. Let v(m) = m**3 - 2*m**2 + m. Let g(a) = 3*v(a) - x(a). Determine g(-2).
14
Let v be ((-1)/(-2))/(9/(-18)). Let c = v - -4. Suppose -c*f + 6 = -5*f. Let x(w) = -w**3 - w**2 + 4*w + 1. Give x(f).
7
Let a(d) = -d**3 - 9*d**2 + 9*d - 14. Let j be 8/(-10)*10/(-4) - 12. Determine a(j).
-4
Let r(q) = -3 - 21*q**2 + 40*q**2 - 5 - 20*q**2. What is r(0)?
-8
Let z(b) = -8 - 4 + b + 1. Let p = -2 + 6. Let j be (-2)/p*(-11 + 1). Calculate z(j).
-6
Let r(y) = -4*y - 2. Suppose 0 = -5*o - j - 266, 5 - 107 = 2*o - 4*j. Let k = 50 + o. What is r(k)?
10
Let g(p) = -p - 1. Let b(a) = -a + 8. Let i(k) = 3*k - 16. Let n(t) = 7*b(t) + 3*i(t). Let w(h) = 5*g(h) + n(h). Give w(2).
-3
Suppose -2*j - 12 = -0. Let i(h) = 6. Let r(b) = 5*b - 12. Let p(d) = -4*d + 11. Let l(f) = 6*p(f) + 5*r(f). Let a(o) = 2*i(o) - 3*l(o). What is a(j)?
12
Let c(g) = g**2 - 7*g + 5. Let k = 18 - 12. Let r be (12/k)/((-4)/(-6)). Let y be 14/r*(-3)/(-2). Calculate c(y).
5
Let f(x) = x**3 + 6*x**2 - 7*x + 2. Suppose 0 = -5*r + 25, 4*a - 13 = 3*r + 116. Let j = 29 - a. Give f(j).
2
Let w(z) be the second derivative of z**5/20 - z**4/3 - z**3/2 - 5*z**2/2 - z. Let v = -19 + 23. Suppose -v = -i + 1. Determine w(i).
5
Let j(v) = -v**3 - v - 17. Suppose -s = 3*n - 4*s - 39, -2*n + 28 = -4*s. Let d = n + -12. Calculate j(d).
-17
Let w(c) = 2*c**2 - 5*c + 2. Let x = 902 + -898. Give w(x).
14
Let l(d) be the third derivative of -d**9/60480 + d**7/5040 + d**6/180 - d**5/5 - 12*d**2. Let o(u) be the third derivative of l(u). Determine o(0).
4
Let x(j) = -j**2 - 5*j. Let l(h) = -h**3 - 15*h**2 - 5. Let p be l(-15). Let o(u) = -3*u**2 - 9*u - 1. Let i(r) = p*x(r) + 2*o(r). Give i(7).
-2
Let m(f) be the third derivative of -f**6/120 - 11*f**5/60 + f**4/2 + f**3/2 - 3*f**2 + 68. Determine m(-12).
3
Let g(b) = b**2 - 4 - 55970*b + 55969*b + 4. Determine g(8).
56
Let d(n) = 12*n**2 - 5*n - 6. Let r(y) = y**2 + y + 1. Let s(j) = -d(j) - 5*r(j). Give s(-1).
-16
Let c(o) be the second derivative of -o**3/6 + 5*o**2/2 + o. Let t(z) = z - 4. Let x(u) = 6*c(u) + 5*t(u). Suppose 0 = -4*p + 8*p. Give x(p).
10
Let q(u) = 7*u - 1642 + 9*u**2 - 12*u**2 + 1638. Suppose 2*d = 4 + 4. Calculate q(d).
-24
Let z(b) = -b**3 - b + 1. Let n = 2 - 7. Let p(i) = -i**2 - 4*i + 7. Let g be p(n). What is z(g)?
-9
Let h(p) be the second derivative of p**5/20 - p**4 - 3*p**2/2 - p + 82. Give h(12).
-3
Let j(r) = -r**3 + 5*r**2 - 5*r + 4. Suppose 5*z + 5 = 4*t, 0*z - 5*t = 5*z - 40. What is j(z)?
7
Let b(l) = l**3 + 5. Let n be b(0). Let o be ((-3)/6*-1)/(n/50). Let d(c) = c**2 + c. Let y(s) = 3*s**2 + 8*s. Let p(v) = -4*d(v) + y(v). What is p(o)?
-5
Let r(m) = m**3 + 4*m**2 - m - 2. Let q(u) = u**2 - 3 + 1 + 1 - 3 + 6*u. Let k be q(-6). Determine r(k).
2
Let i(g) = g + 2. Suppose 5*j - 54 = -7*z + 3*z, 20 = 2*z - j. Suppose -5*t + z = 3*u, 2*u + 0*u = 5*t + 24. Give i(u).
9
Suppose o = 5*d + 4*o - 35, 0 = 5*d - 3*o - 5. Let t = d - -2. Let q(w) = -6. Let g(r) = -r - 5. Let l(y) = 2*g(y) - 3*q(y). Calculate l(t).
-4
Let d(m) be the first derivative of -m**4/4 - 2*m**3 + 7*m**2/2 - 5*m - 19. What is d(-7)?
-5
Let c(n) = n**3 - 3*n**2 + 3*n - 1. Suppose 3*j = 3*a + a - 63, 0 = 4*j - 12. Suppose 5*s - a = -f - 3, -3*f = 3*s - 9. Calculate c(s).
8
Suppose 0 = -0*h + 7*h - 42. Let o(f) be the second derivative of f**4/12 - 7*f**3/6 + f**2/2 - f. What is o(h)?
-5
Suppose -4*l = -29 - 3. Suppose l*q + 5 = 3*q. Let p(t) be the first derivative of 7*t**2/2 + t + 1. Calculate p(q).
-6
Let i = 2 - -1. Suppose i*g - 5 = 2*y, -3*y + 0 = g + 2. Let n(r) be the first derivative of 5*r**2/2 + 3. What is n(y)?
-5
Let u(g) = g**2 - 11*g - 207. Let w be u(-10). Let l(a) be the first derivative of -11 - 5*a + 1/3*a**w + 3/2*a**2. What is l(-4)?
-1
Let u = 61 - 58. Let x(a) = a**2 - 44 - u*a + 0*a + 42. Calculate x(3).
-2
Let y(g) be the third derivative of g**4/24 - g**3/3 - g**2 - 14*g. Let a be -9*((-2)/3)/(-1). What is y(a)?
-8
Suppose 4 - 24 = -5*d. Let i(s) = -6*s + 5*s - 6*s**2 - 2*s**3 - d + 4*s**2 + 3*s**3. Determine i(3).
2
Let u(i) = i**2 - 3*i - 3. Let l be u(5). Let r(q) be the third derivative of q**4/24 - 5*q**3/6 + 11*q**2. Determine r(l).
2
Let s(t) be the first derivative of 17 - t - 5/2*t**2 - 1/3*t**3. What is s(-4)?
3
Let b(v) be the first derivative of v**2 - 2*v + 41. Let j = 10 + -8. Give b(j).
2
Let v(w) = w**2 - 8*w + 4. Let b(x) = -2*x**2 + 10*x + 7. Suppose g = -3*r - 9 - 1, 0 = -3*g - r + 10. Let m be b(g). What is v(m)?
-3
Let d be (-5)/(-1) - (25 - 22). Let g(u) be the first derivative of -6 - d*u**2 - 2*u - 1/3*u**3. Give g(-4).
-2
Suppose 0 = r, -6*r - 45 = -3*x - 4*r. Let n(v) = -2*v**2 + 32*v - 29. Calculate n(x).
1
Let u(q) = -q**2 - 7*q - 5. Suppose 0 = -5*f - 29 + 39. Suppose -f*o = -0*o. Suppose o = -i - 2*x - 2, -4*i + 2*x - 5*x = 13. Determine u(i).
7
Let j = -8 + 1. Let u(p) be the first derivative of -p**5/60 - 3*p**4/8 - 5*p**3/3 + 8*p**2 - 13. Let t(k) be the second derivative of u(k). What is t(j)?
4
Let x = -12 - -8. Let i be 15 + x/(8/6). Suppose 0 = -4*l - i, 2*o - l = -0*o - 1. Let g(f) = 3*f. Calculate g(o).
-6
Let n(f) = -11*f - 8. Let c(w) = 2*w. Let b(r) = 6*c(r) + n(r). Suppose -10 = 121*t - 122*t. Determine b(t).
2
Let x be (-116)/1*(-1)/4. Let r be -4*1/(-2) - 29. Let f = r + x. Let w(u) = 2*u**2 - 4*u + 3. Give w(f).
3
Let o(u) = u**3 - 20*u**2 - u + 18. Suppose -4*h - 3*a = -80, -h - 7*a + 11*a + 20 = 0. Give o(h).
-2
Let q(t) = -5*t**3 - 5*t**2 - t + 5. Let i(w) = -13*w**3 - 10*w**2 - 3*w + 12. Let h(x) = 2*i(x) - 5*q(x). Let d(p) = 4*p - 3. Let m be d(2). Calculate h(m).
-6
Let d(f) = -f**2 + 2*f - 1. Let b be d(2). Let t = 4 - b. Let a(y) = y**3 - 5*y**2 - 3*y + 2. Determine a(t).
-13
Suppose -33 = -8*w + 15. Let i(v) = 3*v**2 - 8*v - 4. Let x(c) = 7*c**2 - 17*c - 7. Let r(p) = 5*i(p) - 2*x(p). What is r(w)?
-6
Let o(i) = i**3 + 11*i**2 - 5*i - 